28
What is the value of 1 + 16 - (79 - (126 - 38))?
26
Calculate (133 - (-35 + 71)) + -5 + -3 + 6 - -12.
107
What is 2 - 3 - (-46 + (17 - 3 - (-140 - -138)))?
29
Calculate (33 + -17 - 2) + (1 - 19) + -14.
-18
What is (-58 - (-55 + -14)) + -19?
-8
What is the value of (3 - 12) + 5 + 10 + 0 + (282 - 236)?
52
What is (51 - -147) + -124 - 188?
-114
Calculate -9 - (-15 + 12 - (-43 - -16)).
-33
Calculate -32 - (-85 + (105 - 38)).
-14
What is 18 + -2 - (-245 - -312)?
-51
-1 + -8 - (76 - (12 + (5 - (-25 + 48))))
-91
Calculate (-1 - 97) + (10 - (-48 - (0 + -50))).
-90
22 + 796 + -889 + 20 + -2
-53
What is (-44 - -35) + 0 + -11?
-20
Calculate 7 + (5 + 21 + -40 - 5).
-12
(-15 - -1) + 37 + -3 + -20 + 18
18
What is (-1 - -35 - -1) + -433 + 378?
-20
-7 + 0 - (100 - (59 - -23))
-25
Evaluate 98 - 74 - -63 - 124.
-37
Calculate (-14 - -1 - (-430 - -422)) + -3 + -59.
-67
Evaluate 37 + 0 + 2300 + -2297.
40
What is the value of (-52 - -14) + 29 - (5 - 1)?
-13
Calculate -59 + (22 - (14 - -9)) + 8.
-52
Calculate 22 + (54 + -63 - (-10 + 3)).
20
Calculate (-4 - -36) + -13 + 20 + -20 + 7.
26
What is the value of 14 + (-33 + 35 - 29) - -71?
58
Evaluate 17 - (88 - 68 - (-3 - -25)).
19
What is -22 - (7 + 4 - 6 - (2 - -15))?
-10
Calculate 137 + (-51 - -5) + (262 - 240).
113
Calculate 2 + (43 - ((10 - 5) + 5) - -3) - 5.
33
Calculate (10212 - 10165) + 0 + -126.
-79
Evaluate 7 - ((80 - 103) + 30).
0
What is the value of -38 - (38 + (-47 - 23))?
-6
Evaluate 308 + -324 + (1 - 0) + 37.
22
What is (-43 - -35) + (14 - 8 - (33 - 5))?
-30
Calculate 386 - 491 - (17 + (-5 - -3) + 0).
-120
What is 3 - -138 - (4 + -6 - -2 - -24)?
117
1 + (39 - 32 - -15)
23
23 + -16 + (28 - 12) - 1
22
What is the value of -12 - -20 - 59 - -55?
4
What is (-2 - -1) + (-6 - (-12 - (25 - (20 - 7))))?
17
What is 24 + (87 - 46) + -55?
10
What is (44 - (18 - 14 - 11)) + -4?
47
What is (2 - (43 - 68)) + 6 + -59?
-26
What is the value of 12 - (-59 - -76) - (-3 + 60)?
-62
What is the value of (-101 - -180) + -135 + 125?
69
-10 + -72 - (2201 - 2235)
-48
What is -19 + 67 + (3 - -19) - 11?
59
Evaluate (18 - (22 + -17)) + -28 + 2 + (38 - 3).
22
What is the value of (-162 - -125) + (-1 - 4 - 1) + -6?
-49
-33 + (43 - -13) - (2 + 6 + -68)
83
Evaluate 17 - (-35 + -40 - -24).
68
Evaluate -46 - ((5 - (4 + 13)) + 9).
-43
Calculate (30 - -24) + -3 - 1.
50
What is the value of 4 + (-19 - 4 - -47) + -41?
-13
Calculate 73 + -2 - (273 + -235).
33
What is the value of 24 - (-74 - -45 - -112)?
-59
What is the value of (277 - 284) + (-16 - -20) + -3 + -1?
-7
Calculate 29 + (-14 - (-4 + -6 + 10 + -8 - 1)).
24
(0 - -64 - 13 - -1) + -8 - -19
63
What is 120 - (62 + -63 - -123)?
-2
Calculate (374 - (18 + 341)) + (-1 - -38).
52
What is the value of -41 - (-143 - -6 - (12 + 12))?
120
Calculate (-2 - (110 - 108) - (22 + 1)) + -22.
-49
Evaluate -69 - (-32 - -4) - -16.
-25
What is the value of 16 - (-11 - (17 + 0) - -12)?
32
What is the value of -115 - (-34 + -1 + -25)?
-55
Calculate -6 + -2 - (-982 + 1007).
-33
What is the value of 20 + (-13 - -9) + -43?
-27
-102 + (1 - 2) + 0 - (4707 - 4722)
-88
(6 - 65 - (4 + -1 + -4 + 2)) + -12
-72
What is the value of 39 - (-16 - (-30 + -8)) - 79?
-62
What is -21 + 32 - 45 - 14 - (0 + -8)?
-40
Calculate 4 - -54 - (-110 - -172).
-4
What is (-4987 - -5040) + (0 - 1)?
52
Calculate -366 + 443 - (43 - -4).
30
Evaluate (-12 - 6) + 47 + 9 - -5.
43
Calculate 0 + (26 + -3 + 8 - (-8 + (10 - 16))).
45
Calculate -45 + (141 - 63) + (-25 - 5).
3
(58 - 12 - -54) + -60
40
Calculate (0 - 21) + (95 - (-138 - -71)) - 16.
125
What is the value of 8830 + -8859 + -2 + -94?
-125
What is (0 - 5) + 558 + -579?
-26
Evaluate 0 + -11 + (-7 - -6 - 26) - -7.
-31
Calculate 79 - (1 - -14 - (-5 + 20 - (-45 - -53))).
71
What is (-86 - -59 - (0 + 2 - 15)) + -8?
-22
What is 78 + -34 + 46 - 22?
68
Evaluate (22 - (0 - -11)) + -55 - (-1 + -2).
-41
-2 - (0 - -70) - (-19 + (12 - -1) - 4)
-62
Evaluate 403 + -452 + (-1 - 1) + 3.
-48
Calculate 13 + 13 + (37 - 68) + -4 + 29.
20
-2 + (13 - 11) - -38
38
-2 + (0 - -52) - (54 - (67 + -18))
45
What is the value of (0 - (-6 + 28 + -24)) + -18?
-16
What is (-22 - 27 - 3) + 1 + -3 + 4 + -11?
-61
15 + (25 - 53) + (-121 - 2)
-136
What is (-6 - -6 - -2) + (-2 - -40 - (18 - 15))?
37
What is 24 + 31 + -63 + 2 + (-6 - -3 - -108)?
99
What is the value of (-6 - -4) + (-1 - -13 - -4 - -8)?
22
What is 12 - (5 + (-42 + 23 - -6)) - 2?
18
Calculate -5 + (5 - (-59 + 86)).
-27
What is the value of -5 + (2 + 7 - (4 - (42 - (-30 + 13))))?
59
What is (-36 + 8 - -19) + -12 + -53?
-74
Evaluate 7 + -11 + 1 + -8 - -41.
30
What is 136 - ((-9 - ((14 - 5) + -9) - -17) + -5)?
133
What is the value of (-33 - (-1 - 10) - -32) + (-16 - 1)?
-7
(-30 - (1 + 4)) + (-22 - (-12 - 5))
-40
What is the value of 37 - (43 + (-7 - (27 - 22)))?
6
What is the value of 42 - (-9 - (-1 - (13 + -18 - (-13 + 2))))?
44
Evaluate -54 + (19 - (19 - -15) - -29).
-40
What is the value of (-1 - 7) + (26 - -1 - 18) + 21?
22
86 - (14 + (39 + -35 - (3 + 11)))
82
Evaluate (36 - 16) + 29 - -12 - (-4 + 5 + 0).
60
What is -2373 - -2540 - (112 + -2)?
57
What is (-38 - -3) + 30 + (1 - -2) + 66?
64
Calculate 1 + 19 + 72 + 15 + -91.
16
Calculate -2 + -84 + 55 - -102.
71
Calculate 55 + -58 + -17 + 41.
21
Evaluate (-204 - (61 + -161)) + 113.
9
What is (13 - 14) + (-1 - -13) + -3?
8
Evaluate (15 - 0) + 344 + -411.
-52
Calculate (-8 - -31 - -1) + 14 + -16.
22
What is the value of (-3 - -35) + (21 - 167) + -15?
-129
-55 + 67 - ((150 - (-1 - -4)) + 10)
-145
Evaluate (-70 - 0) + (368 - 252).
46
5 - (-294 + 297 + (-4 + 3 - 3))
6
Evaluate 136 + 0 + -6 + (-529 - -497).
98
What is 28 - -1 - (157 + -122)?
-6
(31 - (41 + -14)) + -8
-4
What is the value of -6 + (19 - 1) + 0 + -18 + -13?
-19
Calculate 1 + 2 - (69 + (-43 - (-50 + 5))).
-68
(-9 - (-27 - (-27 - -1)) - -20) + 0 + -11
1
Calculate (-8 - (12 + -12 + 3)) + 49.
38
Evaluate -385 - -361 - (-13 - -2 - 102).
89
Calculate 0 + 53 - (24 + -11 - 22 - 1).
63
What is 81 - (-34 + 54) - 137?
-76
What is -203 + 190 - (-70 + -1)?
58
Evaluate (-58 + 28 - (11 + -15)) + 86.
60
Calculate (15 - 6) + (-2 - 54 - -92).
45
Calculate -3 + -19 + 6 - (56 - (-44 + 65)).
-51
(172 - 18 - 150) + 1 + -4 + 2
3
What is -6 - (0 - -35) - (8 - (-14 - -6) - 24)?
-33
What is 23 - (-24 - -16 - (22 + -28))?
25
What is -11 - (-43 + (52 - -10))?
-30
What is ((17 - -6 - 22) + -19 - -36) + -21?
-3
Evaluate 26 + 18 - 37 - 24.
-17
346 + -249 + -3 + (-4 + 0 - (-1 - 3))
94
0 + 5 + (1 - 5) + (-66 - -61) + -22
-26
What is the value of 3 - (7 - 10) - (-32 - -62)?
-24
What is the value of 4 - (8 + 6) - ((2 - (-3 - 56)) + -3)?
-68
Calculate (-258 - -347 - (2 - -23)) + 1.
65
What is (202 - 164) + -108 - (-24 - -1)?
-47
Calculate (-9 + 1 - 0) + (33 - (-28 - (-39 - 20))).
-6
Evaluate 40 - (11 - -13) - -44.
60
(6 - -4 - (45 - 42)) + -12 + 29
24
Evaluate 123 - (326 + -320 + (5 + -6 - (-6 - -2))).
114
Calculate 0 + -40 + (-30 - (-26 + 26 + -29)).
-41
-17 - (-17 + -1) - (-6 + -21)
28
What is the value of (-6 - 76 - -195) + (17 - -3)?
133
What is ((0 - 13) + -136 + 136 - -12) + 109?
108
Calculate -59 - (-49 - (6 - 10)).
-14
What is (4 + 1 + -13 - (-33 + 19)) + 30 + -1?
35
Evaluate (220 - 112) + -74 - -21.
55
2 + (-1 - 4) + (6 + -13 - -7)
-3
What is the value of -41 - -2 - (-59 + 2 + 28)?
-10
Evaluate 405 + -384 - (4 + (11 - -7)).
-1
12 + (-6 - 3) - (2 + -55 - (-251 + 252))
57
(-12 - -9) + -46 + (-4 - (-8 + 5)) + -7
-57
What is the value of -22 + -2 + 0 + (-2218 - -2221)?
-21
What is the value of -15 + 29 + -31 + 10 + 0 - -74?
67
Calculate (-26 - (-35 + 17)) + 6 + -16.
-18
Calculate 2 + 11 + (54 - (21 - -28)).
18
Calculate -7 + -25 + -19 + 21.
-30
What is the value of 16 + -27 + (81 - 74 - (-31 - (1 - 2)))?
26
Evaluate (-66 - -109 - (27 + -2)) + -101.
-83
Calculate 11 + (-24 - -7) - (-16 + (-13 + 23 - 23)).
23
-81 + (23 - -3 - -16)
-39
Evaluate -9 - (3 - 4) - (36 - 33) - (3 + -34).
20
Evaluate -67 - (-86 - (10 - 19)).
10
What is the value of 12 + (-1 - -3 - (17 - (4 - -6)))?
7
What is the value of (19 - 65) + 72 + (16 - 181)?
-139
(37 - (58 + 15)) + 28
-8
What is the value of 50 - (-80 + 129 + -37)?
38
359 + -375 + 9 + 3 - ((43 - 2) + -2)
-43
1 + 15 + -753 + 772
35
Evaluate -35 - -32 - ((-22 + -12 - (1 - 6)) + 1).
25
What is the value of (-1 - -49) + (207 - -2) + -232?
25
67 + -64 + 